 to base 2
101100100000110
Convert 3657 (base 15) to base 5.
332212
What is -5005 (base 6) in base 12?
-765
Convert -10032 (base 8) to base 13.
-1b51
Convert -350 (base 9) to base 11.
-242
14044 (base 5) to base 7
3231
What is -6491 (base 10) in base 9?
-8812
What is 9544 (base 12) in base 11?
112a0
-488 (base 12) to base 10
-680
What is -2834 (base 13) in base 16?
-169d
Convert 3037 (base 8) to base 2.
11000011111
Convert 1340301 (base 5) to base 14.
a09a
What is 6975 (base 13) in base 7?
61101
Convert 3186 (base 9) to base 10.
2346
-5403 (base 9) to base 4
-332010
Convert 2041 (base 5) to base 15.
131
-1111011010101 (base 2) to base 16
-1ed5
What is 2 (base 5) in base 10?
2
What is -1837 (base 9) in base 6?
-10311
What is -810 (base 16) in base 2?
-100000010000
6356 (base 10) to base 16
18d4
1412 (base 9) to base 14
560
What is 340 (base 11) in base 15?
1c2
What is -174664 (base 8) in base 6?
-1211540
132 (base 6) to base 13
44
What is -35320 (base 10) in base 14?
-cc2c
What is -1100000100001 (base 2) in base 6?
-44333
1b01 (base 12) to base 6
23201
11110101 (base 2) to base 16
f5
What is -a9 (base 13) in base 3?
-12011
a90 (base 12) to base 6
11100
Convert 566 (base 9) to base 11.
393
What is -54116 (base 7) in base 10?
-13439
Convert 446 (base 8) to base 10.
294
-1919 (base 13) to base 2
-111010011100
Convert -3111232 (base 5) to base 8.
-143201
What is 2210112100 (base 3) in base 10?
55062
Convert -300410 (base 5) to base 14.
-3652
What is 236c (base 15) in base 14?
2a59
Convert 43156 (base 7) to base 12.
6257
What is 21a69 (base 11) in base 8?
76232
Convert 1601 (base 7) to base 14.
338
Convert -265 (base 16) to base 3.
-211201
Convert -221 (base 12) to base 2.
-100111001
-325010 (base 6) to base 16
-697e
What is 21b2 (base 13) in base 4?
1021210
What is 4b3b (base 15) in base 10?
16031
Convert -3314034 (base 5) to base 7.
-326221
Convert 18462 (base 14) to base 15.
13228
Convert -15a6c (base 14) to base 9.
-82303
What is 44b (base 15) in base 16?
3cb
-2316 (base 8) to base 4
-103032
-7772 (base 10) to base 13
-36cb
651 (base 16) to base 8
3121
What is -1001 (base 4) in base 6?
-145
What is -3ad (base 16) in base 4?
-32231
-356a (base 16) to base 5
-414144
What is -17966 (base 11) in base 9?
-37410
Convert -10111011001 (base 2) to base 8.
-2731
What is 32013 (base 4) in base 15?
403
-473 (base 9) to base 11
-325
What is -113013 (base 4) in base 12?
-a33
13e (base 16) to base 2
100111110
What is 13333 (base 4) in base 7?
1330
884 (base 10) to base 7
2402
-1032113 (base 4) to base 6
-35115
-491 (base 12) to base 2
-1010101101
What is -1b23 (base 13) in base 8?
-7765
What is -12220213 (base 4) in base 15?
-80ba
2a1 (base 11) to base 15
188
-35a (base 13) to base 15
-28c
What is 3156 (base 13) in base 5?
204311
What is 690 (base 14) in base 12?
906
What is 1c061 (base 13) in base 12?
279b8
What is 14334 (base 5) in base 11?
a09
What is -437 (base 10) in base 5?
-3222
bb50 (base 13) to base 6
320443
What is 12114 (base 6) in base 12?
103a
What is -9d75 (base 14) in base 8?
-65323
Convert 1136b (base 13) to base 10.
31354
What is -101011101010 (base 2) in base 4?
-223222
What is -2a84 (base 15) in base 13?
-41cb
12b7 (base 12) to base 8
4153
Convert 177 (base 9) to base 7.
304
10001220 (base 3) to base 2
100010111110
What is -1031 (base 4) in base 10?
-77
What is -5901 (base 15) in base 5?
-1101101
What is 21010 (base 3) in base 10?
192
Convert -21cc (base 15) to base 5.
-212132
Convert -19178 (base 10) to base 6.
-224442
4857 (base 14) to base 11
9534
What is -110011111101 (base 2) in base 16?
-cfd
What is 111012122 (base 3) in base 13?
44c9
Convert 499 (base 10) to base 13.
2c5
Convert 12101 (base 3) to base 2.
10010001
Convert 220220121 (base 3) to base 10.
18160
What is -1580 (base 12) in base 14?
-cda
What is 1cb (base 14) in base 2?
101110111
Convert -276a8 (base 11) to base 14.
-10535
30310 (base 5) to base 16
7a3
Convert -6917 (base 10) to base 5.
-210132
What is 200210202 (base 3) in base 11?
a333
What is -7455 (base 8) in base 9?
-5286
Convert -6103 (base 7) to base 11.
-1649
What is -130431 (base 5) in base 2?
-1001111111100
What is 21000011 (base 3) in base 2?
1001111110011
Convert 4223 (base 8) to base 6.
14055
Convert 259a (base 14) to base 9.
10047
121210002 (base 3) to base 11
9211
Convert -11034333 (base 5) to base 10.
-96218
What is 734 (base 9) in base 11?
4a4
What is 1243 (base 7) in base 15?
217
108 (base 14) to base 9
246
What is 640 (base 7) in base 9?
387
Convert -1286 (base 10) to base 12.
-8b2
Convert -132 (base 7) to base 13.
-57
Convert 39148 (base 11) to base 13.
1c6a6
Convert 13333 (base 4) to base 15.
241
-130432 (base 6) to base 5
-334303
Convert -110001111 (base 2) to base 11.
-333
Convert 34033 (base 9) to base 13.
a3b9
Convert 4240241 (base 5) to base 15.
161eb
-3511 (base 10) to base 4
-312313
What is 3284 (base 10) in base 13?
1658
2397 (base 11) to base 8
6073
What is 1101134 (base 5) in base 9?
27851
What is -171 (base 15) in base 10?
-331
Convert -212 (base 12) to base 13.
-1a3
Convert -315 (base 8) to base 11.
-177
Convert 1618 (base 9) to base 10.
1232
Convert 238 (base 9) to base 10.
197
What is 10100111000 (base 2) in base 7?
3616
Convert -2558 (base 12) to base 13.
-1c16
Convert 288 (base 13) to base 12.
316
Convert -1242114 (base 5) to base 12.
-1232b
What is 903 (base 10) in base 14?
487
What is 442 (base 13) in base 14?
3a2
What is -329 (base 11) in base 16?
-18a
-101011101110100 (base 2) to base 7
-122162
What is -8a (base 11) in base 4?
-1202
Convert 32411 (base 6) to base 12.
2707
Convert 33315 (base 6) to base 2.
1001000101111
What is 27e (base 16) in base 9?
778
Convert 303 (base 9) to base 4.
3312
2334 (base 14) to base 15
1c32
Convert 1700 (base 9) to base 5.
20141
Convert 120 (base 14) to base 4.
3200
-283b (base 13) to base 12
-3430
-92 (base 15) to base 10
-137
Convert 3212033 (base 4) to base 10.
14735
Convert -11011011000100 (base 2) to base 3.
-201020021
What is 102210 (base 3) in base 7?
633
Convert -203044 (base 6) to base 14.
-5cb2
What is 391a (base 15) in base 13?
5707
Convert -5405 (base 8) to base 15.
-c81
Convert 1c1b (base 14) to base 11.
3936
Convert -4333 (base 5) to base 14.
-305
Convert 5775 (base 10) to base 6.
42423
Convert -935 (base 16) to base 7.
-6605
Convert 417 (base 8) to base 5.
2041
Convert -2530 (base 6) to base 10.
-630
-14 (base 12) to base 6
-24
-5464 (base 8) to base 11
-2178
6116 (base 8) to base 7
12120
6d0 (base 15) to base 4
120021
-22414 (base 5) to base 15
-724
What is -2024423 (base 5) in base 12?
-171b5
-62610 (base 7) to base 11
-10624
Convert 242302 (base 6) to base 11.
14a94
404202 (base 6) to base 8
76452
704 (base 10) to base 6
3132
What is 9ec (base 16) in base 6?
15432
4052 (base 6) to base 5
12041
-382 (base 14) to base 2
-1010111110
What is 324 (base 14) in base 7?
1544
-268 (base 9) to base 12
-168
What is -11100000111 (base 2) in base 6?
-12155
5a (base 15) to base 14
61
Convert 101010001111101 (base 2) to base 13.
9aca
210024 (base 8) to base 3
10112112201
Convert -135026 (base 8) to base 14.
-1350a
What is 12112 (base 6) in base 11?
1371
-2113 (base 4) to base 9
-177
What is -84a (base 14) in base 3?
-2020112
Convert -84 (base 14) to base 8.
-164
What is -51 (base 11) in base 7?
-110
What is 641 (base 11) in base 7?
2151
-72 (base 13) to base 4
-1131
10001000100 (base 2) to base 11
903
What is 2463 (base 13) in base 8?
12037
What is -111301 (base 4) in base 9?
-1817
Convert 31231 (base 4) to base 8.
1555
Convert 3e1 (base 16) to base 2.
1111100001
Convert 830 (base 14) to base 12.
b22
27103 (base 9) to base 10
18309
Convert 1374a (base 11) to base 4.
10301033
Convert 3301 (base 11) to base 9.
5871
Convert -3082 (base 14) to base 11.
-62a8
What is 20211222 (base 3) in base 4?
1032002
-111000100000 (base 2) to base 10
-3616
Convert -103553 (base 6) to base 4.
-2012331
Convert 11204 (base 5) to base 6.
3420
Convert -10bd (base 14) to base 11.
-2207
What is -319a (base 14) in base 15?
-280e
What is 1024 (base 8) in base 9?
651
-20201103 (base 4) to base 16
-8853
12100330 (base 4) to base 2
110010000111100
What is 1122 (base 5) in base 15?
ac
Convert -5da7 (base 16) to base 14.
-8a47
What is -212352 (base 6) in base 13?
-7c10
What is 